
Is 489 a factor of 271379440?
False
Does 10 divide 7039540?
True
Is 188275681 a multiple of 254?
False
Does 8 divide 21386008?
True
Is 6 a factor of 34388904?
True
Is 11283 a factor of 5765856972?
False
Is 585 a factor of 457501005?
True
Is 500 a factor of 225024138?
False
Is 16 a factor of 5857694240?
True
Is 144413608 a multiple of 788?
True
Is 76485328 a multiple of 1648?
True
Is 26527970 a multiple of 115?
True
Is 35217845 a multiple of 239?
True
Is 4179296 a multiple of 62?
True
Does 8 divide 970641856?
True
Does 52 divide 4261244?
True
Is 80887350 a multiple of 3?
True
Is 1239858720 a multiple of 12?
True
Does 93 divide 19391672?
False
Does 699 divide 375566409?
True
Is 3331380870 a multiple of 734?
False
Is 4 a factor of 9064279?
False
Is 1419 a factor of 341624600?
False
Does 12 divide 294894072?
True
Does 1002 divide 615051648?
True
Is 2701229289 a multiple of 1193?
False
Is 16 a factor of 178994672?
True
Is 2358290 a multiple of 71?
False
Does 12 divide 7964431?
False
Is 5106 a factor of 1215743706?
True
Is 271 a factor of 1578923118?
False
Is 20254863 a multiple of 33?
False
Is 219 a factor of 158548773?
True
Does 1241 divide 60510078?
False
Is 233453891 a multiple of 466?
False
Is 453 a factor of 14926686?
False
Does 31 divide 309854317?
False
Is 671927030 a multiple of 43?
True
Is 69551921 a multiple of 559?
False
Does 417 divide 195650145?
True
Does 1338 divide 10760196?
True
Is 137 a factor of 1582168098?
False
Does 10 divide 29396240?
True
Does 119 divide 111345801?
True
Is 99587568 a multiple of 152?
False
Is 5 a factor of 1872930900?
True
Is 393 a factor of 1093375911?
True
Is 35828000 a multiple of 200?
True
Does 9 divide 594431437?
False
Does 98 divide 15877408?
False
Is 135781880 a multiple of 2990?
True
Is 42069169 a multiple of 27?
False
Is 173883828 a multiple of 762?
True
Is 5 a factor of 1885436030?
True
Is 2711 a factor of 960290661?
False
Is 357829492 a multiple of 4118?
True
Does 785 divide 35434115?
True
Is 402899372 a multiple of 46?
True
Is 72839301 a multiple of 36?
False
Is 1055 a factor of 606552803?
False
Does 8 divide 4013288?
True
Is 1349796484 a multiple of 27?
False
Is 2401 a factor of 409159212?
True
Does 177 divide 26022363?
True
Does 18 divide 115199441?
False
Does 462 divide 200996796?
True
Is 91 a factor of 174379751?
True
Does 575 divide 106239300?
True
Does 129 divide 6751910?
False
Is 380 a factor of 296931261?
False
Does 9 divide 91714249?
False
Is 268 a factor of 187264464?
True
Is 1071569 even?
False
Is 17 a factor of 4228274?
True
Does 17 divide 3314182?
False
Is 612 a factor of 249270048?
True
Does 5 divide 71144635?
True
Is 2 a factor of 6777340?
True
Is 32 a factor of 202441981?
False
Does 507 divide 5739590851?
False
Is 87 a factor of 66521049?
False
Is 25 a factor of 566233550?
True
Is 899326981 a multiple of 18?
False
Is 41733900 a multiple of 123?
True
Is 858492978 a multiple of 11?
False
Is 1839 a factor of 17232160?
False
Is 220289997 a multiple of 17?
False
Is 553 a factor of 109084780?
True
Does 53 divide 167718465?
False
Is 816 a factor of 305869440?
True
Is 492 a factor of 536353017?
False
Is 213231524 a multiple of 331?
True
Is 1942827182 a multiple of 13?
False
Does 10 divide 64413520?
True
Is 567 a factor of 9107721?
True
Does 5 divide 51678265?
True
Does 49 divide 608517?
False
Is 72122152 a multiple of 80?
False
Is 742 a factor of 77617652?
True
Is 59366110 a multiple of 3?
False
Does 821 divide 587638386?
False
Is 1111 a factor of 235999433?
False
Does 1617 divide 65186121?
True
Does 2095 divide 1170972874?
False
Is 170879626 a multiple of 31?
True
Is 1480 a factor of 120728040?
True
Does 18 divide 30443012?
False
Does 1930 divide 1069963050?
True
Is 382 a factor of 207560354?
False
Is 901 a factor of 4007739?
False
Is 53424363 a multiple of 1768?
False
Does 70 divide 1659008?
False
Does 148 divide 399748?
True
Does 1174 divide 10792448?
False
Does 8 divide 24038691?
False
Is 32 a factor of 21970150?
False
Does 88 divide 581017976?
True
Is 3 a factor of 1026240?
True
Is 1314 a factor of 119736936?
True
Is 1693 a factor of 15507540?
False
Is 288410380 a multiple of 9?
False
Does 25 divide 12376729?
False
Is 150605708 a multiple of 4159?
True
Is 947408730 a multiple of 1510?
True
Is 42276609 a multiple of 701?
True
Does 774 divide 650554158?
False
Is 468 a factor of 548139985?
False
Is 236517250 a multiple of 283?
True
Does 1097 divide 853992146?
False
Is 21 a factor of 11573945?
False
Does 228 divide 13549128?
True
Is 37948874 a multiple of 14?
False
Does 739 divide 1328969535?
False
Is 10715745 a multiple of 277?
True
Does 272 divide 756033438?
False
Is 511 a factor of 78908750?
False
Does 23 divide 3479800739?
False
Is 23 a factor of 412863745?
False
Is 155 a factor of 19737473?
False
Does 48 divide 1675676?
False
Is 149736848 a multiple of 18?
False
Does 422 divide 75944808?
True
Is 126 a factor of 34138062?
True
Is 90076092 a multiple of 1957?
False
Is 183 a factor of 37359267?
True
Is 392 a factor of 57506008?
True
Is 102 a factor of 24491220?
True
Is 67 a factor of 235617938?
False
Is 857 a factor of 25761420?
True
Does 7 divide 29324765?
False
Is 2139997 a multiple of 50?
False
Is 22 a factor of 450828598?
True
Is 96719504 a multiple of 313?
True
Does 162 divide 180958212?
True
Is 82 a factor of 290651119?
False
Is 296 a factor of 1856429748?
False
Is 89671104 a multiple of 432?
True
Is 181272333 a multiple of 12?
False
Is 36710265 a multiple of 175?
False
Is 7713 a factor of 1953570154?
False
Is 2786 a factor of 1332482508?
True
Does 200 divide 8496800?
True
Is 20 a factor of 539277156?
False
Is 291906315 a multiple of 1305?
True
Is 9 a factor of 306940603?
False
Is 26 a factor of 371656006?
False
Does 86 divide 141767314?
False
Is 17 a factor of 26391327?
True
Is 289 a factor of 95856387?
True
Is 14 a factor of 238913096?
False
Is 4288 a factor of 53784384?
True
Is 1904 a factor of 281775235?
False
Is 36487551 a multiple of 55?
False
Does 641 divide 21739842?
False
Is 28605735 a multiple of 15?
True
Is 13220715 a multiple of 1671?
False
Does 60 divide 219348658?
False
Is 18573654 a multiple of 10?
False
Is 4325698836 a multiple of 27?
True
Is 1681 a factor of 499734404?
True
Is 983 a factor of 61308727?
True
Is 10339532 a multiple of 28?
True
Does 2588 divide 2887962140?
True
Is 100080606 a multiple of 426?
True
Is 4479807 a multiple of 22?
False
Is 19618793 a multiple of 43?
True
Does 500 divide 848834500?
True
Is 16 a factor of 75736960?
True
Is 712 a factor of 65874240?
True
Is 11750004 a multiple of 98?
True
Is 352315356 a multiple of 218?
False
Is 33651400 a multiple of 20?
True
Is 424818972 a multiple of 8?
False
Is 260 a factor of 113800838?
False
Does 3048 divide 117701534?
False
Does 9 divide 26010583?
False
Is 2048 a factor of 2002061312?
True
Is 15 a factor of 157569710?
False
Is 630801220 a multiple of 161?
True
Is 44403407 a multiple of 23?
False
Is 17324116 a multiple of 27?
False
Is 10 a factor of 692239800?
True
Does 687 divide 85032738?
True
Is 121139332 a multiple of 74?
True
Is 2147551 a multiple of 75?
False
Is 1146829620 a multiple of 1309?
False
Is 394 a factor of 8725945?
False
Does 691 divide 519527659?
True
Does 75 divide 2929559?
False
Is 84 a factor of 81749238?
False
Is 135694440 a multiple of 248?
True
Is 9 a factor of 68870298?
False
Is 66907391 a multiple of 1817?
True
Does 135 divide 395956496?
False
Is 1784956826 a multiple of 255?
False
Does 32 divide 301179392?
True
Is 21 a factor of 1790796?
True
Does 362 divide 81473892?
True
Does 330 divide 89443860?
True
Is 1769 a factor of 103053095?
True
Is 88 a factor of 1432487379?
False
Is 15 a factor of 292938810?
True
Does 121 divide 11482376?
False
Is 993 a factor of 108968910?
False
Is 9 a factor of 614858697?
True
Is 66256480 a multiple of 40?
True
Does 945 divide 972236790?
True
Is 972708154 a multiple of 24?
False
Does 2543 divide 1847292963?
False
Does 9 divide 241631937?
True
Does 228 divide 186107233?
False
Is 24516222 a multiple of 22?
False
Does 2313 divide 507752073?
True
Is 284423220 a multiple of 36?
True
Is 7 a factor of 38129454?
False
Is 1324838382 a multiple of 2989?
True
Is 3805806548 a multiple of 617?
True
Is 21150616 a multiple of 3238?
True
Is 6037525 a multip